m be 456/84 + 9/(-21). Suppose -360 = 2*a - m*n - 4491, 4*a - 8237 = 5*n. Is a a composite number?
False
Let i(y) be the first derivative of y**3/3 - 5*y**2 - 11*y - 5. Let z be i(11). Suppose z*j - 161 = -j. Is j a composite number?
True
Suppose 0 = 2*p - 4 - 4. Suppose y - 8 = -p. Suppose -w = 3*f - 211, w = -y*f + 11 + 200. Is w prime?
True
Let b(f) = f**2 - f + 1. Let v(j) = 8*j**2 - 2*j + 1. Let m(h) = -2*b(h) + v(h). Let p be m(4). Let g = p - 37. Is g composite?
True
Let v(y) = 372*y**2 + 3*y - 4. Is v(1) a prime number?
False
Suppose -4122 = -5*f - 2*y, 4*f + y - 394 = 2906. Let q = 1197 - f. Is q prime?
False
Let u = -40 + 36. Is 122*1/u*-34 composite?
True
Suppose -4*u = 43 - 3. Let y(v) = -4*v**3 + 3*v**2 - 14*v - 8. Let h(l) = -5*l**3 + 3*l**2 - 15*l - 7. Let j(z) = -3*h(z) + 4*y(z). Is j(u) a composite number?
False
Let j = -4995 - -9167. Suppose 524 = 8*n - j. Is n a composite number?
False
Let g = -68 + 23. Let s = -40 - g. Is (886/s)/((-4)/(-10)) composite?
False
Is ((-52)/(-156))/(1 - (-1114548)/(-1114551)) composite?
True
Let r(m) = 32*m**2 - 11*m + 8. Is r(3) a composite number?
False
Let z = 80 - 78. Is (-314)/(40/25 - z) composite?
True
Let y be (102/(-4))/(3/8). Let w = 142 + y. Suppose 2*f + w = 4*f. Is f prime?
True
Suppose 4*y + 10225 = o, -75*o + 3*y + 30666 = -72*o. Is o a composite number?
True
Suppose 8*z - 139795 - 146437 = 0. Is z a prime number?
False
Let g(p) = -87*p - 378. Is g(-23) a composite number?
True
Let p = 3951 - 2480. Is p prime?
True
Suppose -119*f = -120*f + 3589. Is f a composite number?
True
Let z(k) = 450*k - 53. Is z(14) prime?
True
Let h = 6714 + 4333. Is h prime?
True
Let v(q) = -104*q - 19. Let w(p) = 52*p + 9. Let g(i) = -4*v(i) - 7*w(i). Is g(9) a composite number?
True
Suppose -4*p = 3*q - 6285, -2*q - 2*q + 8387 = 3*p. Is q a composite number?
False
Let k = 14 - 11. Let a be (0 - 2) + 2 + k. Suppose -a*i + i + 238 = 0. Is i a prime number?
False
Suppose 1685 = 5*u - 3*p, -3*u - 5*p + 820 = -225. Let f = u + 195. Is f prime?
False
Let q = -5 - -2. Let p be -34*(-1)/(q + 2). Let k = p - -57. Is k prime?
True
Is (-517316)/322*7*-1 composite?
True
Let z = -597 + 884. Is z composite?
True
Let g = 36 - 33. Suppose g*c + 638 = 5*q, -q - 14 = -4*c - 145. Is q composite?
False
Let k(z) = 43*z**3 + 2*z**2 + 75*z - 71. Is k(15) a composite number?
True
Let w(d) = 443*d - 9. Let j(c) = -3*c - 10. Let p be j(-4). Is w(p) a composite number?
False
Let u = -5233 - -8802. Is u prime?
False
Let u(g) = -g**2 + 19*g - 20. Let p be u(19). Let s = p - -357. Is s a prime number?
True
Let w(d) = d**3 - 2*d**2 - 2*d. Let c be w(3). Let u be (c - -5)*1/2. Suppose 2*r = u*n - 1156, -344 = -n - 2*r - 65. Is n a prime number?
False
Suppose -2*p + 474 = -5*d, 3*p + 5*d - 1008 = -p. Suppose -294 - p = -j. Is j a prime number?
True
Let j = 7 + -8. Is j/(4 - (-425)/(-105)) a prime number?
False
Let j(v) = -2*v + 19. Let u be j(7). Suppose w - r = -u*r + 43, -3*w + 129 = 4*r. Is w a prime number?
True
Suppose -103*w + 101*w = -a - 14383, -w + 7184 = -3*a. Is w a composite number?
False
Suppose 5*c + 4*p - 3382 = 3*c, 5*c = 5*p + 8470. Is c composite?
False
Let z = 3792 + -2629. Is z composite?
False
Let r(x) = 1082*x**2 - 13*x - 27. Is r(-2) composite?
False
Suppose 2*k - 5*m = 73958 + 98923, -4*k = 4*m - 345832. Is k a prime number?
True
Suppose 2704 = 3*j - 7*j. Let p = -1123 - j. Is (1 + -2)/(3/p) prime?
True
Let d(n) = -16*n + 13235. Is d(0) a prime number?
False
Let f(w) = 12*w**2. Let m be f(1). Let b be (-18)/4*m/(-27). Suppose b*a - 8 = 62. Is a composite?
True
Let t(l) = -14*l - l**3 - 17 + 4*l**2 + 31*l**2 - 12*l**2. Is t(22) a composite number?
True
Let q(k) = 3353*k**2 - 2*k + 3. Let x be q(1). Suppose x = 2*m + 4*m. Is m a prime number?
False
Suppose 36*r + 8 = 37*r. Suppose -r*i + 6*i + 778 = 0. Is i prime?
True
Suppose 0 = -2*d + 7*d. Suppose d*j = 2*j - 80. Suppose 0 = 4*h + j - 572. Is h composite?
True
Suppose -20 = 5*q + 5*r, -3*q + 3*r = 21 + 15. Is 6/8 + (-170)/q a composite number?
True
Suppose 0 = -948*p + 941*p + 47621. Is p a composite number?
False
Is -3 + 2723 + 3 + -1 + -3 a prime number?
True
Suppose 9276 = 4*c + 4*t, c + 4*t = 2*t + 2319. Suppose 0 = 3*l - 5*g - 7729 - c, 0 = -l + 5*g + 3366. Is l composite?
True
Let g(v) = 4*v**3 + 12*v**2 + 8*v - 6. Let q(a) = 5*a**3 + 13*a**2 + 9*a - 6. Let x(o) = 4*g(o) - 3*q(o). Let b = -6 - -1. Is x(b) prime?
False
Suppose 2*a + 5*m + 1244 = 0, 2*a = 4*a + 2*m + 1256. Let z = 1951 - 2890. Let u = a - z. Is u prime?
True
Suppose 4*c + 2*a = 44102, -33069 = -3*c - 9*a + 5*a. Is c a composite number?
False
Is (-9)/((-81)/90) - -13489 prime?
True
Is (603730/(-15))/((-16)/24) prime?
True
Suppose -3*q + y + 975 = -2*y, 5*q - 1624 = 4*y. Suppose 5*t = -2*f - 70 + 617, -3*t + 3*f + q = 0. Is t composite?
False
Suppose -4*k = 2*c - 91412, 2200 = -k - 5*c + 25053. Is k a composite number?
False
Let s(i) = -i**3 + 8*i**2 - 4*i + 34. Let t be s(8). Suppose -2*z + 11 = -55. Suppose -z + t = -l. Is l composite?
False
Let p(x) = -173*x - 37. Let o be (-9 + 5)/((-2 - 1)/(-9)). Is p(o) a composite number?
False
Let w be 16 - 4/6*-3. Suppose -22*d = -w*d - 7364. Is d a prime number?
False
Let q = -3052 - -5165. Let z = q - 1440. Is z composite?
False
Let j = 5427 + -1618. Is j a prime number?
False
Suppose -36*s + 2483824 = 513868. Is s a composite number?
False
Let b = 6 + -4. Let r(v) = 8*v**2 + 11*v**b - v + 0 - 1 + 0. Is r(4) composite?
True
Suppose -a - 3*a = -3*n + 9, -5*a - 5*n = -15. Suppose 2*i - 549 = j, 2*j - i + 4*i + 1119 = a. Let h = j - -806. Is h a composite number?
False
Let m(l) = l**2 + 2*l - 8. Let o be m(-4). Let n be (1 - o)/1 + 0. Let z = n + 21. Is z prime?
False
Suppose -13*t + 15 = 2. Is t/(2*(-5)/(-67970)) a composite number?
True
Let k(t) = 340*t**2 + 0 + 2 - 4 + t. Let i be k(2). Suppose 0 = -4*j - 196 + i. Is j prime?
False
Let w(h) = h**2 + 10*h - 124. Is w(23) composite?
True
Suppose 483 = -8*v + 5*v. Let m = v + 285. Is 15/10*m/6 a composite number?
False
Let j(b) be the second derivative of 4/3*b**3 - 3*b**2 + 5/12*b**4 + 0 + 2*b. Is j(5) prime?
False
Let t(c) be the first derivative of 5*c**3/3 + c**2 - 2*c - 2. Let n = -2 - 4. Is t(n) composite?
True
Let i = -34800 - -64613. Is i composite?
True
Is (-2)/(-5) + (-472209)/(-15) a prime number?
True
Suppose -8*d - 31 = -207. Suppose 5*t - d = -2. Is -21*(-56)/t - 1 a prime number?
True
Let d(l) = -7*l**3 + 4*l**3 + 4*l**3 + 15 + 11*l - 10*l**2. Is d(14) composite?
False
Suppose -5*t - 5*t + 225350 = 0. Is t prime?
False
Suppose -12 = -4*m + 2*z, 9*m - 14*m + 4*z + 12 = 0. Suppose 0 = -m*v + 2*v + 3126. Is v prime?
False
Suppose -32*d + 39 = -19*d. Suppose -d*s = -j + s + 125, -s - 485 = -4*j. Is j prime?
False
Let v be -4*4/8 - (2 + 0). Is (1 - -6)/((v/(-652))/1) prime?
False
Is 311*(-11 + 6 + 22) a composite number?
True
Suppose -8 = -3*p + 5*p, -3*f + 4*p = -1078. Suppose -2*n = -5*b - f, 6*n + 3*b - 708 = 2*n. Is n a composite number?
True
Let j(m) = -20*m - 46. Is j(-16) a prime number?
False
Suppose -3*b + 137 = -301. Let j = b - 93. Is j a prime number?
True
Suppose -5*h + 5*f + 25 = 0, 4*h + f - 16 = 2*h. Let v = h + -4. Is ((-1)/v)/((-2)/474) a composite number?
False
Let l(a) = a**3 - 10*a**2 - 2*a + 21. Let q be l(10). Suppose -r - f + 763 = 0, 3*f + q + 11 = 0. Is r composite?
True
Let z(a) = 84*a + 50. Let x be z(8). Suppose 3*u = r - 264 + 2420, u - x = -3*r. Is u a composite number?
False
Let h(t) be the third derivative of -t**6/120 - t**5/5 - 7*t**4/24 - 13*t**3/6 + 15*t**2. Is h(-12) composite?
False
Suppose 0*t + 37 = -t. Let d = 42 + t. Suppose 0*i + r - 593 = -4*i, r - 742 = -d*i. Is i a prime number?
True
Let q be (0/(-2))/(-7)*1. Suppose -2*f - f + 24 = 0. Suppose 0*h - f*h + 2032 = q. Is h composite?
True
Let w(y) = 10*y**2 + y + 7. Suppose -5*u + 2 = -4*u. Suppose u = b - 4. Is w(b) a prime number?
True
Suppose -16*k = -12*k - 5084. Is k prime?
False
Let v = -573 + 6770. Is v composite?
False
Suppose 0 = -9*a + a + 2920. Suppose 4*g + 3*d - 2*d - 456 = 0, 3*g - a = 5*d. Is g a prime number?
False
Let b = 50308 - 9965. Is b composite?
False
Let h be 242410/77 + 4/(-22). Suppose -3*f = f - h. Is f prime?
True
Let v(h) = h**3 - 9*h**2 - 7*h - 1. Let d be v(10).